he third derivative of r**5/60 + r**4/24 - 3*r**3/2 + 5*r**2 + 3. Calculate g(0).
-9
Let h be ((-21)/(-15))/((-20)/(-200)). Let s(y) = 4*y - 61. What is s(h)?
-5
Let d(k) = k. Let t(x) = -7*x + 16. Let u(s) = -s. Let m(v) = -t(v) + 4*u(v). Let i be m(6). What is d(i)?
2
Let b(h) = h**3 + h + 5. Let j be b(0). Suppose -4*p + 10 = j*a, -2*p + 8 = a - 0. Let x(c) = c - 1. Determine x(p).
4
Let j(k) = 5*k**3 - k - 1. Let m be j(-1). Let d = 10 + m. Let f(p) = -4*p**2 + p - 2 + d*p**2 + 3*p. Calculate f(-4).
-2
Let c(f) be the second derivative of 13*f**3/6 + 227*f. What is c(-1)?
-13
Let u(z) = 8*z**2 - 11*z + 8. Let f(x) = -3*x**2 + 5*x - 4. Let r(w) = 5*f(w) + 2*u(w). Give r(-3).
-4
Suppose -4*n - 12 = -28. Let h(f) = -n + 0 + 5 + 4*f. What is h(-4)?
-15
Let g(r) = r**3 - 2*r**2 - 5*r + 3. Suppose 75*o - 213 = 12. What is g(o)?
-3
Let s(c) = 11*c - 3. Let a(m) = 25*m - 5. Let w(d) = 4*a(d) - 9*s(d). Give w(-6).
1
Let i(r) = -r**2 - 4*r + 8. Let s = -611 - -614. Determine i(s).
-13
Suppose -3*t - u + 1 = -14, -2*u = 0. Let d(n) = -3*n + 5. Let g(l) = 4*l - 6. Let m(h) = t*d(h) + 4*g(h). Let k be 5/(2*(-2)/(-4)). Determine m(k).
6
Let c(h) = 9*h + 1. Suppose 0 = -4*a + 4 + 12. Suppose -2*n - 6 = a*n. Give c(n).
-8
Suppose 20 = 5*p - 10. Let f(a) = 2*a - 10 - 7*a**2 - p*a**3 + 0*a**3 + 7*a**3. Determine f(7).
4
Let l(r) = 2*r. Let g be -1 + -1 + (0 - -3) - 5. Let y be (-76)/13 - ((-56)/91)/g. Determine l(y).
-12
Let u(b) = b**2 - 1. Suppose -4*c + 4*o - o = -309, 0 = 2*c + 2*o - 144. Let m = c + -73. Calculate u(m).
3
Let y(u) = -2*u - 150 + 293 - 144. Determine y(-4).
7
Let r(d) be the third derivative of -d**5/60 + 5*d**4/24 - 2*d**3/3 + d**2. Let f be 30/9 + -3 - (-17)/3. Give r(f).
-10
Let m(k) = -k**2 + 14*k + 7. Let h be m(15). Let n = -14 - h. Let z be n/10 + (-69)/(-15). Let s(r) = -r**3 + 4*r**2 + 2*r + 1. Calculate s(z).
9
Let d(n) = -n**2 - 4*n - 6. Suppose -s = 3*g - 251, 6*s - s - 353 = -4*g. Let f = 77 - g. What is d(f)?
-11
Let c(h) be the first derivative of -2*h**3/3 - 4*h - 53. Calculate c(-2).
-12
Let z(f) = -2*f**3 - 3*f**2 - 5*f - 4. Let b be (-42)/2 + 13 - -6. What is z(b)?
10
Let n(r) = r**3 + r**2 - 2*r. Let t(v) = v + 3. Suppose 3*b + 3*m + 24 = 0, 82 = -5*b + 3*m + 2. Let c = b - -8. Let j be t(c). Calculate n(j).
0
Let f(r) = r**2 + 14*r + 12. Suppose 0 = -73*j + 80*j + 91. Calculate f(j).
-1
Let t(a) = 10*a. Let n = -251 - -254. Determine t(n).
30
Suppose -4*d + 9*d = 30. Suppose o = 5*o + d*o. Let q(u) = 2*u + 3*u - 7 - 6*u. Determine q(o).
-7
Let p(c) = -c**2 - c - 1. Let f(a) be the second derivative of -11*a**4/12 - 7*a**3/6 - 3*a**2 + 5*a. Let j(h) = -f(h) + 5*p(h). What is j(-1)?
5
Let v(b) be the first derivative of -1/2*b**2 + 19 + 11*b. Determine v(0).
11
Let g(v) = v**3 - 2*v**2 + v - 3. Let m(i) = -2*i + 1. Let b(h) = -h**3 - 10*h**2 - 10*h - 10. Let r be b(-9). Let u be m(r). Give g(u).
9
Suppose -14 - 47 = -t + 4*f, 5*t - 5*f = 245. Let i = 40 - t. Let g(l) = l. Calculate g(i).
-5
Let n(r) = 2*r. Let g(v) = -v + 9. Let b be g(5). Suppose -m = -0*m - b. Suppose -2 = m*p + 10. What is n(p)?
-6
Let b be ((-3)/2)/(6/4). Let h(y) = -y**2 - 3*y - 2. What is h(b)?
0
Suppose 0 = -5*q + 2*q - 12, -3*n - 5*q + 4 = 0. Suppose 16 + n = 4*c. Let m(u) = u - 12. Calculate m(c).
-6
Let k(j) = j - 6. Let p be -3 - 3*10/(-6). Suppose -d = -4*d - p*w + 10, 0 = d + w - 5. What is k(d)?
-6
Suppose 4 = -3*f + 1. Let d(m) be the first derivative of 11/3*m**3 - 4 + 0*m + 0*m**2. Give d(f).
11
Let m(n) = -n**3 - n**2 - 4. Suppose 2*i = -4*b + 6*b - 2, 0 = 3*b + 9. Let w be i/((-3)/2 - -2). Let h = w + 8. Calculate m(h).
-4
Let t(d) be the second derivative of -2*d**3/3 + 11*d**2/2 + 3*d. Let m be t(4). Let b(s) = -5*s - 5. What is b(m)?
20
Let u(f) = 0 + 1 - 4 + 2 - 3*f. Suppose 3*l = 2*l - 1. Give u(l).
2
Let h(j) = -12*j**3 + 14*j**2 + 17*j + 3. Let f(m) be the first derivative of m**4 - 5*m**3/3 - 3*m**2 - m + 5. Let q(r) = 17*f(r) + 6*h(r). What is q(-1)?
4
Let j(t) = 10*t + 3. Let i(v) = 7*v + 2. Let s(x) = 7*i(x) - 5*j(x). Let a(l) = l. Let k(r) = 2*a(r) + s(r). Give k(-5).
-6
Suppose 0 = -5*s + 32 + 3. Let j(a) = 0*a**2 + 8*a - 1 - 35*a**2 + 34*a**2 - 7. Determine j(s).
-1
Let n(f) be the third derivative of f**4/12 - f**3/2 + 3*f**2. Let d(g) = -3*g**2 - 7*g + 2. Let l be d(-2). Give n(l).
5
Let x(s) = s. Let a be 4/24*-2*3. Let g = a - -4. Suppose g*j = -u - 3, 3*j + 9 = j - 3*u. Calculate x(j).
0
Let v(i) be the third derivative of i**6/60 + i**5/30 + i**4/6 - i**3/6 + 2*i**2 - 30. Give v(-3).
-49
Let l(h) = -4*h**3 + h**2 + 2*h - 16. Let a(s) = 5*s**3 - 3*s**2 - s + 18. Let n(w) = -5*a(w) - 6*l(w). Give n(8).
14
Let z(n) = -n + 11. Let o be z(9). Suppose -4*v - 3*u = 20, u - 5*u = -o*v + 12. Let m(t) = -3*t**2 + 3*t + 1. Determine m(v).
-17
Suppose b - 3*b - 6 = 0, q - 10 = 2*b. Let l(g) = -7 - 4*g - q + 3*g. What is l(0)?
-11
Suppose -3*b + 45 = -3*d, 4*b = 2*d + 22 + 18. Let k(i) = i**3 + 11*i**2 + 12*i + 12. Give k(d).
-8
Let t(b) = -b**3 + 43*b**2 + 90*b + 2. Let d be t(45). Let q(j) be the third derivative of -j**5/30 + j**4/12 + j**2. Determine q(d).
-4
Let u = -68 + 74. Let a(m) = m**2 - 4*m - 14. Give a(u).
-2
Let c(q) be the second derivative of -9*q**5/5 - q**4/6 + q**3/3 - q**2/2 + 169*q. Calculate c(1).
-37
Suppose -3*q = 5*a + 76, -15*q + a = -18*q - 56. Let j(d) = d + 5. Determine j(q).
-12
Let y(n) be the first derivative of 2 - 3*n + 4*n**2 + 2*n - 3*n**2. Let f = 14 + -11. What is y(f)?
5
Let x(c) = -9*c**3 + 8*c**3 + 3*c**3 + 2*c**3 + 2*c**2. Determine x(2).
40
Let z(p) = -p**3 + 8*p**2 - 6*p - 8. Let j = 24 - 18. Suppose -3*q + 18 + j = -3*v, -2*q + 17 = -3*v. Let b be z(q). Let r(o) = 5*o**3 + o + 1. Give r(b).
-5
Let s(d) = 29*d**2 - 68 + 65 + 6*d - 28*d**2. Determine s(-9).
24
Let g(k) = k**3 + 4*k**2 + 2*k + 1. Let l be (-2)/6*-3 + 3. Suppose -w + 4 = -2*w + 3*d, -d = l*w + 16. What is g(w)?
-7
Let s(v) be the second derivative of v**3/6 + v. Suppose -2*n - 29 = n - 4*g, -5*n = 4*g + 59. Let z be -2 + 5/(-20) + n/4. Calculate s(z).
-5
Suppose 6*v - 7*v = -10. Suppose -v*j + 6 = -4*j. Let w(u) = 5*u - 1 + 0*u**2 - 4*u - u**2 + 2*u**3. What is w(j)?
1
Let w(s) = s**3 - 2*s**2 + 1. Let i(k) = k**3 + 10*k**2 - 14*k + 12. Let l(d) = i(d) - 2*w(d). Determine l(13).
-3
Let i(d) = -d**2 + 6*d - 5. Suppose -25*b = 5*k - 21*b - 39, 4*k = 4*b + 24. Determine i(k).
-12
Let p(f) = 7*f - 2*f**2 + 5*f**3 + 0*f**2 - 6*f**3 - 3 + 8*f**2. Suppose 0 = -l - 1 + 3. Suppose -7*q + b = -l*q - 33, 4*b = 2*q - 6. Give p(q).
-3
Let u(l) = l + 1. Let q(w) = -3 - 4 + 5. Let x(g) = -2*q(g) - 4*u(g). Let r(y) = y**3 + 8*y**2 - y - 6. Let j be r(-8). Calculate x(j).
-8
Let b(p) = -p**3 + 8*p**2 - 7*p - 5. Suppose -4*h + 5*r + 28 = 0, -2*h + 3 = 5*r - 11. Calculate b(h).
-5
Let d(k) be the second derivative of -k**5/20 - 5*k**4/12 + k**3/2 - 7*k**2/2 + k. Suppose 2460 = -309*f - 101*f. Give d(f).
11
Let m = 203 + -209. Let j(a) = a**3 + 7*a**2 + 5*a + 6. What is j(m)?
12
Suppose 5*g + 34 = k, 2*g + 15 + 0 = -k. Let c be (-14)/(-42)*(-9)/1 + 7. Let a(i) = 0*i**2 - 2 + 2*i - 5*i - i**2 - c*i. Give a(g).
-2
Let p(c) be the third derivative of -c**5/30 + 43*c**2. Give p(-2).
-8
Let b(x) = x**2 - 3*x + 4. Suppose 13*f + 3*f - 80 = 0. Give b(f).
14
Suppose -2*t - 12 = -4*m + 10, 4*m - 15 = -5*t. Suppose h - 2*k = 7, 2*h + 5*k + m = -26. Let x(u) be the first derivative of -u**2 - 2*u + 6. What is x(h)?
4
Let a(d) = d**3 + 6*d**2 + 7. Let y be a(-6). Let w be 4/(-14) - (-23)/y. Let m(h) = -278*h - 3 + 170*h + 109*h. Calculate m(w).
0
Let x(v) = v**2 + 14*v - 18. Suppose -p - 35 = 4*o, -5*o - 60 = 5*p + 40. What is x(p)?
-3
Let b(q) be the first derivative of q - 1. Let w(j) = -271*j**2 + 272*j**2 - 4 + 0*j + 4*j. Let m(z) = 3*b(z) + w(z). What is m(-5)?
4
Let c(q) = 1 - 2*q**3 + 1 + q**3 + 10*q**2 - q**2. Let k be c(9). Let a(x) = -4 + 2 + k*x + 1 - 5*x. Determine a(-1).
2
Let p(h) = -93*h**3 - 3*h**2 + 2. Let t be p(-1). Let z = -97 + t. Let b(k) = -3*k - 22. Let j(w) = -w - 7. Let q(u) = -2*b(u) + 7*j(u). Give q(z).
0
Let h(v) = -v**3 - 5*v**2 + 7*v + 1. Suppose 4*o = 2*k + 16, 5*k + 4*o + 26 = -0. Let u be h(k). Let d(f) = 2*f - 1. What is d(u)?
-11
Let z(s) = -s - 4. Let t(p) = -3*p - 11. Suppose 0 = -11*j + 9*j + 16. Let l(w) =